uppose -p + 73 = 2*p + 5*x, 10 = b*x. Calculate the highest common divisor of p and 176.
16
Suppose 4*d + 4*s + 0*s - 20 = 0, 4*d = -2*s + 12. Let n(v) = -v**3 - 29*v**2 + 28*v - 51. Let u be n(-30). Calculate the greatest common divisor of d and u.
1
Suppose 0 = -11*d - 8 + 30. Suppose 0 = -x - 5, -d*p + 19 = -3*x - 40. Calculate the highest common factor of 22 and p.
22
Suppose -63 = -2*u + w, u - 1 - 8 = 5*w. What is the highest common divisor of 238 and u?
34
Let i be ((-14)/16)/(-7) - 9/8. Let o be (740/8)/((-3)/(-2) + i). What is the highest common divisor of 74 and o?
37
Let l be (-1569)/12 - (-1)/(-4). Let w = l - -188. Let z = 94 - 56. What is the highest common factor of w and z?
19
Suppose 16 - 6 = 5*p. Let g be 1 - (29 - (4 - p)). Let j = g - -39. What is the greatest common factor of 91 and j?
13
Suppose 933 = 13*m - 107. Calculate the greatest common factor of 20 and m.
20
Let k = 24 - -9. Suppose 0 = -26*p + k*p - 84. Calculate the highest common factor of 144 and p.
12
Suppose 16 = 7*v - 3*v. Suppose -7*q = -3*q - v. Let a = 26 - q. Calculate the highest common divisor of 175 and a.
25
Suppose 231 = -380*a + 387*a. What is the highest common factor of 6 and a?
3
Let h = -32 - -56. Let l be (-30)/(-75) - (-33)/5. Let v be 2/(-7) + 422/l. What is the highest common divisor of v and h?
12
Suppose 0 = -10*j + j + 468. Calculate the greatest common factor of 468 and j.
52
Suppose 5*z = -2*j + 103 + 182, 145 = j + 5*z. What is the highest common factor of j and 1190?
70
Let a be 4 - (2*(-2255)/10 + -4). Calculate the highest common divisor of a and 54.
27
Let v be ((-294)/(-3))/2*1. Let y be (-14)/(-1)*(258/(-43) - 26/(-4)). What is the highest common factor of y and v?
7
Let y be (-9)/2 - (-4)/8. Let f be (-4)/(-4)*20 + 8/y. What is the highest common divisor of 306 and f?
18
Let d = -72 + 152. Let l(a) = -2*a**2 + 16*a - 4. Let w be l(7). Calculate the greatest common divisor of d and w.
10
Suppose 2*i - 2 = 0, 0 = 4*j - i - 175 - 24. What is the highest common divisor of j and 250?
50
Let w(l) = 10*l - 2. Let n be w(5). Suppose n + 16 = 4*b. What is the greatest common divisor of 8 and b?
8
Let g(t) = -t + 23. Let l be g(18). Suppose -5*k - 1 = 2*i + l, -k = 2*i - 2. What is the greatest common divisor of 14 and i?
2
Let h(n) = -9*n - 382. Let o be h(-46). What is the greatest common divisor of 824 and o?
8
Let u be 3 + -1 - (8 - 13). Let n be (-91)/26*(-16)/u. Calculate the greatest common divisor of 248 and n.
8
Let o be (2772/(-176))/(1/(1 - 5)). Calculate the highest common divisor of 147 and o.
21
Let d be 8/60 + (-6754)/30. Let q = 433 + d. Suppose 7*w = 2*w - x + q, 4*w + 5*x - 158 = 0. Calculate the greatest common factor of w and 105.
21
Let k = -255 + 371. Let m = 16 + -14. Suppose -2*g = 2*b + g - 55, m*g + 2 = 0. What is the highest common factor of k and b?
29
Let j = 807 - 721. Calculate the greatest common factor of 602 and j.
86
Let g(h) = -2*h**3 + h**2 + 10*h - 11. Let b be g(-7). What is the highest common factor of 6 and b?
6
Suppose 0 = 5*n + n - 276. Calculate the greatest common factor of 115 and n.
23
Let a = 157 + -102. Let o(n) = -2 - 6*n**2 + n**3 - 6*n - 4 + 10. Let v be o(7). Calculate the highest common divisor of a and v.
11
Let k = 586 + -486. Suppose -3*f - f = -40. Calculate the highest common divisor of k and f.
10
Let i be (-38)/(-551) + (-26997)/(-29). What is the highest common divisor of i and 98?
49
Let v be ((-352)/(-12))/((-1)/3). Let x = 108 + v. What is the greatest common divisor of 180 and x?
20
Let z be 15*(-32)/(-24) + -2. Calculate the greatest common factor of z and 57.
3
Let c be ((-213)/6)/(4/(-24)). Let z = -85 + c. What is the greatest common factor of 8 and z?
8
Let h be (-12)/42 - 226/(-7). What is the greatest common factor of 24 and h?
8
Suppose 0 = 4*w - 6*w + 10. Suppose 0 = w*c + 50 + 125. Let k = -19 - c. Calculate the greatest common divisor of k and 16.
16
Let c(o) = -2*o - 4. Let p be c(-4). Let u be 6/p*(-20)/15. Let v be (9/27)/(u/(-66)). What is the highest common factor of v and 110?
11
Suppose 18*g - 14*g = -12. Let l be 0 - (16/g - (-3)/9). What is the greatest common factor of 80 and l?
5
Let x be (-5 + 2)/(12/(-64)). What is the highest common divisor of 32 and x?
16
Let i be (3 - 2) + (-45)/3. Let s = 28 + i. What is the greatest common factor of 35 and s?
7
Let z = -13 + 26. Let o be (8 - 2)/((-6)/(-6)) + 85. What is the greatest common factor of z and o?
13
Let p = 1515 - 1494. What is the greatest common factor of p and 49?
7
Suppose 0 = -2*o + 3*v + 2643, 3*o + 5*v - 7*v = 3967. What is the greatest common divisor of o and 27?
27
Suppose -27*s + 23*s = -48. Calculate the greatest common factor of s and 18.
6
Let d = -61 + 61. Suppose -8*q + 10*q - 20 = d. Calculate the highest common divisor of 1 and q.
1
Suppose 9 = 4*y - 7. Suppose -3*v + 165 = 3*c, -c + y*v + 67 = -v. Let o(a) = a**2 - 15*a + 33. Let p be o(14). Calculate the greatest common factor of p and c.
19
Suppose 0 = 3*l - 5 - 4. Let a = -49 + 61. Let k be (-2 + 8)*2/a. Calculate the highest common divisor of l and k.
1
Let f be 5/20 + (-119)/(-4). Let t = f - -25. What is the highest common factor of 22 and t?
11
Let p(x) = -x + 39. Let j be p(14). Suppose 4*a = 3*s - 63, -s - 5*a + 1 = -39. What is the greatest common factor of s and j?
25
Let i(y) = -y**3 + 2*y**2 + 2. Let o be i(2). Suppose 39*w - 64 = 35*w. What is the highest common factor of w and o?
2
Let i = -9 - -28. Let g = i + -17. What is the highest common divisor of g and 2?
2
Let i = 46 - 19. Calculate the greatest common divisor of i and 243.
27
Suppose 0 = 2*v - w - 5 + 16, -3*v - 3*w = 3. Let y = v + 0. Let t(a) = -a + 4. Let k be t(y). Calculate the greatest common factor of 88 and k.
8
Let v(b) = -b**3 + 7*b**2 + b + 3. Suppose 2*g = 5*m - 3, -g = 3*g + 4*m - 36. Let p be v(g). Let c = 79 + -70. Calculate the highest common divisor of c and p.
9
Let n be 420*(-5 - 4/(-16)*22). Calculate the highest common divisor of n and 20.
10
Suppose -2*m + 297 = -m - g, 1172 = 4*m + 4*g. What is the highest common divisor of 59 and m?
59
Suppose 10*j = 7*j + 54. Let r = j - -8. Let n = 31 + 8. What is the highest common divisor of n and r?
13
Let a be (13/4 + -3)*4. Let u be 7/a - (1 + 1). Suppose 3*f + 35 = 5*h, 25*f = 24*f + 5. Calculate the highest common factor of u and h.
5
Suppose 3*j + 7 = 2*j. Let h(b) = 10*b - 19*b + 9 + 11*b + 8. Let m be h(j). What is the highest common divisor of m and 21?
3
Let o(g) = -5*g**3 + 2*g**2 - 9*g - 9. Let q be o(-3). Suppose -3*r - 3*x + 47 = -5*x, 5*x = 4*r - 51. Calculate the highest common divisor of r and q.
19
Let d be (1 + -2)/(2/(-64)). Let x = -711 + 999. Calculate the highest common factor of d and x.
32
Let i = -21 - -26. Let k be -4 - (-129 - 15/i). What is the highest common factor of 16 and k?
16
Let g(v) = 36*v - 248. Let w be g(7). What is the highest common divisor of 196 and w?
4
Let a(m) = 40*m**2 - 2*m + 9. Let l(b) = 20*b**2 - b + 5. Let t(x) = 3*a(x) - 5*l(x). Let y be t(1). What is the greatest common divisor of y and 189?
21
Let n be 18/8*((22 - (-19)/57) + 11). Suppose -5*m = -5*g + 205, -g + 2*g - 84 = 2*m. Let z = m + 73. Calculate the greatest common factor of z and n.
15
Suppose -5*q - 2*w - 14 = 12, 2*q - 4*w + 20 = 0. Let i be q/33 - 497/(-11). Calculate the highest common divisor of i and 30.
15
Suppose 33 = k - 5*g, -5*k = -4*k - 3*g - 27. Let m(u) = -u**3 - 25*u**2 - 31*u + 66. Let x be m(-24). Calculate the highest common divisor of k and x.
18
Let b(f) = f**3 - 2*f**2 - 11*f - 2. Let n be b(6). Calculate the highest common divisor of 12 and n.
4
Suppose 5*i - 4*g = 168 - 100, 28 = -4*g. Let w = 187 + -59. What is the highest common divisor of w and i?
8
Let b(x) = -x**3 + 6*x**2 + 4*x - 18. Let g be (1 + 68/(-20))/((-10)/25). Let o be b(g). Calculate the highest common divisor of 30 and o.
6
Let n(x) = -26*x + 2. Let j be n(-3). Let b = 43 + -84. Let a = j + b. What is the greatest common divisor of 13 and a?
13
Suppose -4*l - 25 = -x, -3*x + 38 + 107 = 2*l. What is the highest common factor of x and 360?
45
Let a(u) = u + 2. Let j be a(-4). Suppose 2*q - 21 = 5*o, 5*o - q + 13 = -5. Let h be j*o/12*22. Calculate the highest common divisor of h and 99.
11
